is the greatest common divisor of f and d?
11
Suppose -5*p + 4*l = -0*l - 669, 0 = 2*p + 2*l - 264. Let i be (0 - -2) + (p - 3). Calculate the greatest common divisor of 12 and i.
12
Let m(t) = 6 - 5*t - 2*t + 3*t. Let i be m(-6). What is the greatest common divisor of i and 6?
6
Let w = -54 + 29. Let l = -11 - w. Calculate the greatest common divisor of 21 and l.
7
Let z(y) = 2*y - 1. Let i be z(3). What is the greatest common factor of i and 5?
5
Suppose k + 69 = 4*k. Calculate the highest common factor of 92 and k.
23
Let f = 19 - 22. Let i be (3 - 3) + 10 + f. What is the greatest common factor of i and 14?
7
Let i be (-7)/(-21)*13*3. What is the highest common divisor of i and 13?
13
Let c(f) = -f**3 - 8*f**2 + f + 7. Suppose 0*l - 5*l - 30 = 0. Let n be c(l). Let a = -29 - n. What is the highest common divisor of 6 and a?
6
Let p(o) = -6*o**3 - o - 1. Let s be p(-1). Let u be (-4960)/(-45) - s/27. What is the greatest common factor of 10 and u?
10
Suppose -2*n = -7*n + 20. Let i = n - -6. Let w = -77 - -157. What is the greatest common divisor of i and w?
10
Let b be 3*47/3 + 4. Let l = 47 - 30. What is the greatest common factor of l and b?
17
Suppose 3*d + 4 = 2*r - 2*d, -4*d = -2*r + 4. Suppose 3*j - 14 = -4*m - 0*j, m = -r*j + 1. Calculate the greatest common factor of 35 and m.
5
Suppose 0 = -5*f + 262 - 82. Suppose 3*i = -0*i + f. Calculate the highest common divisor of i and 48.
12
Suppose -5*f = 3*u - 24, -5*f - 3 - 29 = -4*u. Calculate the highest common divisor of 64 and u.
8
Let v = 189 + -102. What is the highest common divisor of 58 and v?
29
Let r be 16/6*9/6. Let q(i) = 12*i. Let a be q(r). Calculate the greatest common divisor of a and 16.
16
Suppose p + p = 0. Suppose p*v - 8 = -4*v. Suppose -3*i + 354 = 3*n, -v*i - 3*i + n + 584 = 0. What is the highest common divisor of 13 and i?
13
Suppose 5*k - 3*k - 3*v = 16, 6 = -k + 5*v. Suppose -3*f - 3*t + 5*t + 10 = 0, 2 = 4*f + 3*t. What is the highest common divisor of f and k?
2
Suppose 8 = -0*g + 2*g. Let v be -2*6/g - -28. Calculate the greatest common factor of 10 and v.
5
Suppose 3*y - 4*c + 123 = c, -4*c + 120 = -3*y. Let d be y/(-14)*7*1. Calculate the highest common divisor of d and 6.
6
Let z(o) = -o**2 + 5*o - 4. Let t be z(3). Suppose 0 = -t*r + 9 + 11. Suppose b - 20 = -4*b. What is the highest common factor of r and b?
2
Suppose -2*b + 250 = 4*y, 5*y + 3*b + 51 = 366. What is the greatest common factor of 15 and y?
15
Suppose -12 = -4*f, f + 24 = 5*s - 3. What is the highest common factor of 8 and s?
2
Let w be (-12512)/(-20) - (-6)/(-10). Suppose 4*j + 0*j + 585 = 5*h, 5*h - w = -4*j. Calculate the highest common factor of h and 11.
11
Suppose -4*w + 225 = -655. Suppose 100 = 4*k + k. What is the highest common divisor of k and w?
20
Let b be ((-26)/2)/(2 - 3). Let u = 111 - 20. What is the highest common divisor of u and b?
13
Suppose 0*t + 12 = 3*t. Suppose -3*w + 5*p + 56 = 0, 3*w + t*p = 2 + 18. What is the greatest common divisor of w and 24?
12
Let f be (-12)/36 + ((-164)/(-6) - -1). Suppose -52 = 2*g + 2*g. Let n = 55 + g. Calculate the highest common divisor of f and n.
14
Suppose 5*t + 5*p - 53 = 27, -26 = -2*t - 5*p. Let v be ((-56)/24)/((-2)/t). Calculate the greatest common factor of 14 and v.
7
Suppose -y - 15 = -4*y. Let i be 0/(-11) + (1 - -1). Let c be (-45)/i*12/(-18). What is the highest common divisor of c and y?
5
Let x(u) = 4*u**3 + u**2 - 2*u + 1. Let p be x(1). Suppose -5*o = -2*o - 96. What is the greatest common factor of o and p?
4
Suppose -2*n + 50 = 3*n. Let u = 3 + 1. Calculate the greatest common factor of u and n.
2
Let c be 0*3/(-6) + -2. Let b be (-1)/(0 - c/(-8)). Calculate the highest common factor of b and 16.
4
Let d(b) = -b**2 + 13*b + 33. Let j be d(14). What is the highest common factor of j and 171?
19
Let b be 1*(9/1 - 3). Let u be ((-9)/b)/((-3)/8). What is the highest common divisor of 32 and u?
4
Let c be (1/(-2))/(5/10). Let q be 396/45 + c/(-5). Calculate the highest common divisor of 27 and q.
9
Let z(l) = 6*l**2 + 6*l + 3. Let y be z(-4). Suppose -8*a + y = -5*a. Calculate the greatest common factor of 175 and a.
25
Suppose 4*x + 14 + 34 = 0. Let r = 12 - x. What is the greatest common divisor of r and 60?
12
Suppose 0*b + 2*t = 3*b - 8, -b = -2*t. Suppose 75 = b*u - 85. What is the highest common divisor of u and 5?
5
Let y(w) = -7*w + 0 + 0. Let g be y(-5). Let r be g + 5 - (-2)/(-2). Calculate the highest common factor of r and 26.
13
Let z = 3 + -8. Let t = z - -1. Let s be 1/t + 58/8. What is the highest common factor of 49 and s?
7
Suppose 5 = 4*h - 31. Let d be 8/6*h/6. What is the highest common divisor of 1 and d?
1
Let a = -4 - -22. Let y(s) = 5*s**3 + 3*s - 1. Let q be y(2). What is the highest common divisor of q and a?
9
Let s be (8/(-6))/((-24)/54). Let o(d) = d**3 - 2*d**2 + 3*d + 4. Let f be o(s). Calculate the highest common divisor of 2 and f.
2
Suppose 9*a + 5 - 221 = 0. What is the highest common divisor of 216 and a?
24
Let c = -2 + 7. Let l = 17 - c. Let r be (-2)/3 - (-1256)/l. Calculate the greatest common factor of 13 and r.
13
Let t = 23 + -13. Suppose -2*w - 18 = -4*q, 2*q - 9*w - 24 = -5*w. Calculate the highest common factor of q and t.
2
Let y(r) = r**2 - 4*r - 4. Let n be y(5). Suppose -d = 4*v - 19, 4*d - 4*v + n = -3. What is the highest common factor of 30 and d?
3
Suppose -3*o + 2*o - 4*q = -8, -o + 14 = q. Suppose 6*h - h - 22 = -3*x, 3*h - o = x. What is the highest common divisor of 15 and h?
5
Suppose -18 - 4 = -2*d. What is the highest common divisor of 121 and d?
11
Suppose 2*r - 4*f - 83 - 5 = 0, -3*r + 124 = -2*f. Calculate the greatest common factor of r and 5.
5
Let t(f) = f**2 + 10*f + 10. Let z be t(-9). Calculate the greatest common divisor of 1 and z.
1
Suppose -2*a + 3*p + 0*p + 60 = 0, 5*p + 20 = 0. Suppose -d + 9 + 8 = c, 2 = 2*c. What is the greatest common factor of d and a?
8
Suppose -4*p = -t - 134, -2*t = 4*p - 0*t - 128. What is the highest common factor of 55 and p?
11
Suppose -2*q = -3*q + 154. Suppose -w - w + q = 0. Calculate the greatest common divisor of w and 11.
11
Suppose -3*y + 5 = -85. Suppose 2*v + 2*o - 14 = 12, 2*o - 9 = -v. Suppose -v - 19 = -3*q. Calculate the greatest common factor of q and y.
6
Let c(k) = -20*k. Let d be c(-3). Let a = d + -15. Let b be 1 + 13 + 2 + -1. Calculate the greatest common factor of b and a.
15
Let v(r) = r**2 + 4*r + 3. Let q be v(-4). Suppose 25 = 2*p - 3*o, q*p - 28 = 3*o - 8*o. Calculate the highest common divisor of 77 and p.
11
Let b(p) = -p + 40. Let z be b(0). Calculate the highest common factor of 5 and z.
5
Let t(f) = 175*f. Let y be t(2). Suppose y = 4*i + 5*x - 0*x, 2*i = x + 168. What is the greatest common factor of i and 17?
17
Suppose 3*t - 15 = 0, o + 2*o + 5*t = 241. Calculate the highest common factor of o and 9.
9
Suppose 0*s - 133 = s. Let m = -78 - s. What is the highest common factor of m and 5?
5
Let v = 30 + -3. Let s(t) = t**3 + 4*t**2 - 8*t - 6. Let d be s(-5). What is the highest common divisor of v and d?
9
Let t(k) = k**2 - 10*k + 5. Let y be t(9). Let w be y/10 - (-784)/35. What is the greatest common factor of w and 33?
11
Let r be -1 - -6 - 0/1. Let o be (-2)/(-5) - (-8)/r. What is the greatest common factor of o and 5?
1
Suppose -3*t - 15 = 0, -5*q + 130 = -3*t + 7*t. Calculate the highest common divisor of 15 and q.
15
Suppose -2*l + 90 + 60 = 0. Calculate the highest common divisor of l and 25.
25
Suppose -5*v = -h + 31, -6*v + 3*v - 3 = 2*h. Calculate the greatest common factor of h and 21.
3
Let k(z) = 2*z**2 + 17*z - 4. Let i be k(-14). Calculate the highest common divisor of i and 15.
15
Let u(k) = 7*k**2 - 4*k + 9. Let s be u(4). What is the greatest common divisor of 42 and s?
21
Let c(f) = -2 + 3 - 42*f + 16*f. Let r be c(-1). Calculate the highest common factor of r and 18.
9
Suppose q = -4*q + 135. Suppose -q = -y - 0*y. Let g = -16 + y. Calculate the highest common divisor of 55 and g.
11
Suppose 0 = -0*q + 4*q - j - 16, 18 = 2*q - 3*j. What is the greatest common factor of q and 3?
3
Suppose 2*m = 2*c - 96, -5*c = -m - 48 - 184. Calculate the greatest common factor of 69 and c.
23
Let b = 5 + -3. Let z(g) = 2*g + 0 + 4*g**b - 6*g + 2. Let y be z(2). What is the 